 (base 3) to base 13.
1b6
Convert -482 (base 13) to base 3.
-1001222
118 (base 15) to base 12
188
-1000111110010 (base 2) to base 7
-16252
Convert -11312 (base 12) to base 13.
-a574
Convert 3012 (base 7) to base 15.
493
3414 (base 5) to base 12
344
-55 (base 13) to base 7
-130
What is 15043 (base 7) in base 15?
1367
2935 (base 16) to base 11
7a20
Convert cd8 (base 14) to base 10.
2542
What is -1e8 (base 16) in base 15?
-228
-578 (base 12) to base 14
-420
-11202 (base 6) to base 7
-4424
What is -57 (base 8) in base 15?
-32
What is -21 (base 6) in base 11?
-12
Convert -204103 (base 5) to base 2.
-1101001111010
Convert 1032 (base 6) to base 9.
282
What is 419 (base 12) in base 9?
733
Convert 221055 (base 6) to base 7.
104426
Convert -958 (base 15) to base 12.
-1278
aa83 (base 11) to base 8
34423
What is -1111100101 (base 2) in base 6?
-4341
What is -10011000111 (base 2) in base 12?
-85b
What is -48 (base 15) in base 13?
-53
Convert -3b7 (base 13) to base 9.
-810
-200312 (base 4) to base 8
-4066
3149 (base 14) to base 3
102122120
What is 2664 (base 7) in base 10?
1026
What is 10099 (base 14) in base 3?
1221212211
What is -13333023 (base 4) in base 8?
-77713
4523 (base 10) to base 2
1000110101011
-3a2 (base 13) to base 4
-21333
Convert 1995 (base 14) to base 15.
1594
Convert 3344 (base 6) to base 14.
400
52303 (base 9) to base 10
34509
88 (base 16) to base 15
91
542 (base 16) to base 11
1014
2012110 (base 3) to base 14
829
-1731 (base 16) to base 4
-1130301
Convert -3353 (base 10) to base 13.
-16ac
Convert 206 (base 10) to base 7.
413
What is -17076 (base 8) in base 12?
-4592
What is 411 (base 13) in base 14?
374
Convert 876a (base 13) to base 4.
10212133
What is -5b3 (base 16) in base 10?
-1459
What is 50b7 (base 12) in base 14?
32b1
What is -14100 (base 7) in base 3?
-12020120
Convert -3424 (base 5) to base 8.
-751
11101010101101 (base 2) to base 3
202121100
Convert 4716 (base 13) to base 12.
5946
Convert 572 (base 14) to base 7.
3102
Convert 441 (base 14) to base 3.
1011011
-408 (base 11) to base 3
-200020
What is -1111011001111101 (base 2) in base 9?
-105502
2100 (base 6) to base 12
330
What is 13301001 (base 4) in base 11?
21998
985 (base 10) to base 11
816
What is 321414 (base 5) in base 10?
10859
Convert -1101211 (base 3) to base 16.
-3fd
Convert -21033010 (base 4) to base 8.
-111704
Convert -20 (base 6) to base 2.
-1100
Convert -417 (base 10) to base 16.
-1a1
Convert -11100000100100 (base 2) to base 11.
-a886
What is -136 (base 9) in base 4?
-1302
-61121 (base 9) to base 11
-28221
What is 142 (base 10) in base 3?
12021
What is -524 (base 8) in base 13?
-202
Convert -31521 (base 6) to base 11.
-3257
What is 14529 (base 14) in base 9?
76130
What is 117 (base 15) in base 11?
205
-14122 (base 6) to base 13
-1010
1694 (base 10) to base 5
23234
Convert -95c1 (base 16) to base 6.
-453253
What is -1316 (base 15) in base 11?
-3071
What is -5646 (base 7) in base 8?
-3773
What is 110101101000 (base 2) in base 10?
3432
-6682 (base 12) to base 10
-11330
Convert -14 (base 8) to base 7.
-15
Convert -367 (base 15) to base 8.
-1404
Convert 11d (base 14) to base 6.
1011
What is -477 (base 13) in base 2?
-1100000110
What is 2713 (base 11) in base 8?
6703
170 (base 16) to base 11
305
Convert -519 (base 11) to base 12.
-441
Convert 30e (base 16) to base 8.
1416
What is -1324424 (base 6) in base 10?
-73600
-12100320 (base 4) to base 3
-1022012020
-4982 (base 10) to base 6
-35022
What is 211022 (base 4) in base 7?
6635
Convert -2124a (base 12) to base 9.
-65654
-121200 (base 3) to base 9
-550
What is -408 (base 10) in base 11?
-341
-200333 (base 4) to base 2
-100000111111
What is 36 (base 16) in base 8?
66
What is -10111110 (base 2) in base 3?
-21001
What is 2211112 (base 3) in base 13?
c2c
What is -16713 (base 8) in base 16?
-1dcb
517 (base 8) to base 5
2320
-1c (base 13) to base 16
-19
What is -1010112 (base 6) in base 14?
-136c4
Convert 2516 (base 9) to base 4.
131112
74 (base 9) to base 12
57
What is -2c1 (base 13) in base 4?
-13233
What is 40540 (base 6) in base 11?
4059
Convert 1313031 (base 5) to base 13.
bac3
What is -1012232 (base 4) in base 5?
-121101
Convert 11915 (base 13) to base 4.
13320221
Convert 313424 (base 6) to base 14.
93a8
1206 (base 9) to base 10
897
-189 (base 15) to base 4
-11202
Convert -2122121001 (base 3) to base 12.
-26254
1000101110 (base 2) to base 11
468
What is 973 (base 11) in base 7?
3260
Convert 18a (base 11) to base 12.
163
Convert -111110 (base 2) to base 5.
-222
-56101 (base 7) to base 9
-21321
11261 (base 7) to base 14
10a1
Convert -235104 (base 6) to base 10.
-20560
-617 (base 8) to base 10
-399
Convert -102000 (base 3) to base 11.
-250
Convert 3423 (base 5) to base 2.
111101000
Convert -346 (base 12) to base 10.
-486
What is -1123 (base 9) in base 14?
-435
55017 (base 8) to base 9
34556
11411 (base 7) to base 10
2948
Convert -135310 (base 6) to base 4.
-3020322
What is 918 (base 11) in base 8?
2124
What is 72542 (base 9) in base 6?
1005232
Convert 15a9 (base 12) to base 6.
15533
Convert 456 (base 14) to base 6.
3552
3224 (base 11) to base 5
114021
-7aa3 (base 13) to base 14
-63aa
117b (base 14) to base 9
4157
Convert -3456 (base 11) to base 7.
-16142
What is 13144 (base 5) in base 14?
54d
What is 26342 (base 7) in base 16?
1b7d
Convert 90b (base 13) to base 4.
113330
What is -1013021 (base 6) in base 3?
-2110200111
What is 100010001110 (base 2) in base 7?
6246
What is -1433022 (base 6) in base 10?
-82310
Convert 2021 (base 3) to base 6.
141
Convert -472 (base 9) to base 6.
-1445
What is 7757 (base 8) in base 2?
111111101111
-12222 (base 5) to base 15
-427
-c852 (base 13) to base 7
-144000
Convert -70321 (base 8) to base 5.
-1411011
Convert 10442 (base 12) to base 8.
51562
What is -24758 (base 9) in base 7?
-66365
212120 (base 3) to base 10
636
Convert -184 (base 14) to base 13.
-1b0
What is 208 (base 12) in base 3?
101222
What is -2430 (base 7) in base 12?
-633
465 (base 13) to base 10
759
Convert 210000 (base 3) to base 13.
348
What is 1766 (base 8) in base 9?
1346
102032 (base 4) to base 3
1121012
Convert -e (base 16) to base 14.
-10
Convert 141155 (base 6) to base 13.
6050
-110 (base 2) to base 14
-6
Convert d37 (base 15) to base 2.
101110100001
What is -25311 (base 6) in base 2?
-111011001011
Convert -1530 (base 14) to base 12.
-221a
What is 11100010000010 (base 2) in base 16?
3882
11000001110110 (base 2) to base 12
721a
Convert -1411 (base 9) to base 5.
-13223
What is -2110212 (base 3) in base 14?
-92d
421432 (base 6) to base 3
1201202002
Convert 1e8 (base 16) to base 9.
602
What is 355 (base 9) in base 10?
293
Convert 20002100 (base 3) to base 5.
120222
-22844 (base 14) to base 11
-58087
Convert -80b (base 13) to base 2.
-10101010011
e9 (base 16) to base 15
108
Convert 7b7 (base 13) to base 5.
20313
-10270 (base 11) to base 13
-6a6a
Convert -111110010110 (base 2) to base 10.
-3990
-326 (base 9) to base 14
-151
What is 365 (base 14) in base 4?
22211
What is 230043 (base 7) in base 3?
2002000220
What is -347 (base 13) in base 7?
-1436
What is 23333 (base 5) in base 3?
2100122
24243 (base 7) to base 2
1100010011111
What is -20c (base 16) in base 13?
-314
Convert 6224 (base 12) to base 15.
3274
Convert d39 (base 16) to base 11.
25a8
-343441 (base 6) to base 12
-14b81
What is -635 (base 14) in base 3?
-1200022
Convert 1016 (base 12) to base 2.
11011010010
What is 10824 (base 12) in base 13?
9c8b
4eb (base 16) to base 9
1648
Convert 281aa (base 11) to base 3.
2001002211
Convert -1313332 (base 4) to base 12.
-453a
Convert 7410 (base 8) to base 14.
158c
Convert -24 (base 8) to base 16.
-14
What is 4203 (base 10) in base 7?
15153
Convert -48a (base 15) to base 10.
-1030
-12032302 (base 4) to base 15
-7867
3133 (base 6) to base 13
423
Convert 67a (base 12) to base 13.
589
37371 (base 11) to base 10
53681
-899 (base 10) to base 14
-483
What is 12125 (base 6) in base 10?
1781
Convert 117735 (base 9) to base 4.
101122100
What is 2406 (base 7) in base 11?
738
What is -115517 (base 8) in base 2?
-1001101101001111
624 (base 12) to base 16
37c
What is 539 (base 15) in base 13?
6c9
-2509 (base 14) to base 3
-22212220
-73405 (base 8) to base 15
-9064
What is -255351 (base 6) in base 16?
-5ad3
What is -4b4 (base 15) in base 3?
-11